 is 894943 + -99?
894855
In base 14, what is -30180 - -29d?
-2dcc1
In base 11, what is -5 - -4457564?
445755a
In base 11, what is -4081 - 2126?
-61a7
In base 10, what is -1 + -25835?
-25836
In base 6, what is -244443440 - -43?
-244443353
In base 5, what is -3044 + 433143240?
433140141
In base 14, what is 4d8a + 3?
4d8d
In base 16, what is 7f + -1a55ac?
-1a552d
In base 7, what is 32315 + -313333?
-251015
In base 14, what is -10d + -14a61?
-14b70
In base 2, what is 100 - -110000001110111111011111111?
110000001110111111100000011
In base 7, what is 6523 - 62533?
-53010
In base 4, what is 1 - 311132100113?
-311132100112
In base 11, what is -3228183a + 1?
-32281839
In base 10, what is 176747315 - -3?
176747318
In base 12, what is 1b62 + -23259?
-212b7
In base 5, what is 213331231331 + 4?
213331231340
In base 15, what is 234180 - -23?
2341a3
In base 9, what is -2855485 - -1?
-2855484
In base 7, what is 53012 - 141?
52541
In base 10, what is 20442013 - -2?
20442015
In base 14, what is -439c - -aba?
-36c2
In base 10, what is -44963 + -2268?
-47231
In base 11, what is -a53 + 581a?
4877
In base 9, what is -40044527 - -15?
-40044512
In base 8, what is -10 - -153237165?
153237155
In base 12, what is 208a0981 + -3?
208a097a
In base 9, what is 66 - 101464?
-101387
In base 4, what is 130101203212002 - -10?
130101203212012
In base 12, what is 5 + -328b09?
-328b04
In base 7, what is -13206510320 - -2?
-13206510315
In base 8, what is -1137024 + -123?
-1137147
In base 8, what is -22 - -235341411?
235341367
In base 9, what is 2 - 386708607?
-386708605
In base 9, what is 64670663 + -1?
64670662
In base 13, what is 4 + c6514?
c6518
In base 3, what is 1012112010221 - -10?
1012112011001
In base 7, what is 463 + 6601?
10364
In base 8, what is 400 + 2731712?
2732312
In base 12, what is 5 - 1bb741a?
-1bb7415
In base 11, what is -135144 - 4?
-135148
In base 2, what is 1000 - -1010100100000000110?
1010100100000001110
In base 8, what is -33 - 125104771?
-125105024
In base 4, what is -2022 - 2303113?
-2311201
In base 4, what is -32 - -1203211300?
1203211202
In base 5, what is 3 - -11011414144?
11011414202
In base 14, what is 6 - 56094?
-5608c
In base 12, what is -1 - -106197a?
1061979
In base 10, what is -5 + 74743564?
74743559
In base 5, what is 134110043 + -4441?
134100102
In base 10, what is -20595363 + 3?
-20595360
In base 15, what is e858b4 + -3?
e858b1
In base 7, what is -6444456 + 202?
-6444254
In base 9, what is -1 + 4478065?
4478064
In base 11, what is 8838631 + 1?
8838632
In base 3, what is -1022200122 - -2012011?
-1020111111
In base 9, what is 240 - 280740?
-280500
In base 7, what is 121141 - -356216?
510360
In base 11, what is 475a9a22 + 2?
475a9a24
In base 11, what is 29 - 16096a?
-160941
In base 6, what is 1 - 123530041?
-123530040
In base 6, what is -13203 + -14400?
-32003
In base 2, what is -1000010001110000111 + 1011?
-1000010001101111100
In base 12, what is 2a9851218 + -2?
2a9851216
In base 6, what is -255110014 - 11?
-255110025
In base 10, what is -885578 - -23?
-885555
In base 10, what is -196565 - -515?
-196050
In base 11, what is a215 - -850?
aa65
In base 13, what is 46b28 - -62?
46b8a
In base 5, what is 1 + -141003303?
-141003302
In base 11, what is 743 - -26710?
27353
In base 8, what is 13027 + 1464?
14513
In base 11, what is 576 + -33877?
-33301
In base 6, what is 2303 + -101234?
-54531
In base 5, what is -14 + 101023041330?
101023041311
In base 10, what is -27 - -2763678?
2763651
In base 9, what is 3052077 + -358?
3051618
In base 9, what is -625 + -60284?
-61020
In base 11, what is -43322269 + -16?
-43322284
In base 2, what is 10011 - 10011000001011010100001100?
-10011000001011010011111001
In base 4, what is -1001302 + -102202022?
-103203330
In base 4, what is 2111 - 10013012230?
-10013010113
In base 3, what is -1100211 + 110122212?
102022001
In base 11, what is -3aa9 - 552?
-4550
In base 15, what is -1 - -7a85507?
7a85506
In base 7, what is -10355 - 245136?
-255524
In base 11, what is 742681 - 4?
742678
In base 16, what is 557b62 - 3?
557b5f
In base 12, what is -280204 + 46?
-28017a
In base 2, what is -100100010111000101 - 101100?
-100100010111110001
In base 7, what is 26402 - -22321?
52023
In base 11, what is -1094449a - -10?
-1094448a
In base 14, what is -2 - 12b2dd9?
-12b2ddb
In base 5, what is 1421201322 - -100?
1421201422
In base 6, what is -1102 - -21420030?
21414524
In base 14, what is -b7492 + 8a?
-b7406
In base 12, what is -7907a7 - -60?
-790747
In base 5, what is -1023210312 - -11?
-1023210301
In base 8, what is 14541 - 35471?
-20730
In base 11, what is -21a - -931?
712
In base 3, what is -101222020 - -1122020?
-100100000
In base 4, what is -2111 - -10201333111?
10201331000
In base 9, what is 3 + -8844806?
-8844803
In base 10, what is -1674 + 551617?
549943
In base 3, what is 112101200200212 - 11?
112101200200201
In base 3, what is -11 + 121022200011222?
121022200011211
In base 8, what is -7126142 + -4?
-7126146
In base 15, what is 19 + 78cc?
78e6
In base 15, what is 25 + -120476?
-120451
In base 15, what is -4 - -b8932c?
b89328
In base 11, what is -8765 - 146?
-8900
In base 11, what is 59a6 + -151?
5855
In base 2, what is 110011 - 10011011010111111010011?
-10011011010111110100000
In base 13, what is a0957 - 50?
a0907
In base 5, what is 1340204104 + 4?
1340204113
In base 5, what is 433314 - 43333?
334431
In base 4, what is 102 - 12233323000?
-12233322232
In base 14, what is b - 7dc33?
-7dc26
In base 11, what is 599 - -3723?
4211
In base 8, what is 3 - -533275322?
533275325
In base 7, what is 1545 + -14542435?
-14540560
In base 5, what is 431244 + 314033?
1300332
In base 14, what is c13 + 17026?
17c39
In base 14, what is 1980 + d690?
11230
In base 11, what is -5998a2 - 3?
-5998a5
In base 7, what is 1046 - -645562?
646641
In base 15, what is 4 + -c589a78?
-c589a74
In base 3, what is -1100221202 + 110211?
-1100110221
In base 7, what is 423433224 + 102?
423433326
In base 11, what is 6 + 3a91040?
3a91046
In base 14, what is 4433c9 + 5?
4433d0
In base 4, what is -2 + 1103330212113?
1103330212111
In base 15, what is -2d05710 - -1?
-2d0570e
In base 11, what is 539 - 47163?
-46725
In base 16, what is 388c17 + 6?
388c1d
In base 12, what is -2852826 + 0?
-2852826
In base 14, what is -17 + -17138a?
-1713a3
In base 10, what is 476839 - -17?
476856
In base 10, what is 94 + 5071746?
5071840
In base 14, what is 22d - d19?
-aca
In base 10, what is 123760 - -200?
123960
In base 16, what is -77133 + -6?
-77139
In base 5, what is 1000141441 + 10?
1000142001
In base 12, what is -45167 + 329?
-44a3a
In base 4, what is 22121301301 + 322?
22121302223
In base 12, what is 735 - 365122?
-3645a9
In base 2, what is 110100 + 110110000101001011111?
110110000101010010011
In base 9, what is 67853736 + 0?
67853736
In base 9, what is 4 - -12281814?
12281818
In base 11, what is -659 + 5a149?
595a0
In base 10, what is 4 + -1431492?
-1431488
In base 3, what is 210021 + 212202212?
220120010
In base 5, what is -11130 + -3012122?
-3023302
In base 15, what is -5 - d358dd?
-d358e3
In base 9, what is -14 + -148453407?
-148453422
In base 5, what is -401311 - -130431?
-220330
In base 9, what is 4364274 - 63?
4364211
In base 8, what is 4 + 1664454266?
1664454272
In base 3, what is -2011122221 - 2221?
-2011202212
In base 13, what is -24 + -267b39?
-267b60
In base 10, what is 2 - 8688433?
-8688431
In base 10, what is -227921 - 3597?
-231518
In base 9, what is -3 - 72645651?
-72645654
In base 8, what is -32717131 + -1?
-32717132
In base 7, what is -255356 + -212?
-255601
In base 15, what is 910b385 - 1?
910b384
In base 4, what is 103 - -3032200100?
3032200203
In base 13, what is -208180 - a?
-20818a
In base 2, what is 1001101001110100 - -1100110?
1001101011011010
In base 8, what is -1 - -37346274?
37346273
In base 13, what is 6 - 65aac5?
-65aabc
In base 7, what is -1001310603 + -5?
-1001310611
In base 4, what is 20303302 + -1002?
20302300
In base 6, what is 0 + 324240033?
324240033
In base 11, what is 2597 + 36204?
387a0
In base 16, what is -1 + 142d399?
142d398
In base 8, what is -264 - 10322673?
-10323157
In base 4, what is -2 + 2322220320223?
2322220320221
In base 8, what is 51373 + 31072?
102465
In base 9, what is 351726243 - -10?
351726253
In base 4, what is -133032133222 - 30?